site?
False
Is 27109627 a prime number?
False
Is 1818761 composite?
True
Is 47226313 composite?
False
Is 178181407 a composite number?
False
Is 20960713 prime?
True
Is 631597229 composite?
False
Is 2966339 composite?
True
Is 89086487 a prime number?
False
Is 950413297 prime?
True
Is 4605301 composite?
False
Is 3306701 composite?
False
Is 4646777 composite?
False
Is 779611 prime?
False
Is 9621431 composite?
True
Is 220207985 prime?
False
Is 7915273 prime?
True
Is 270299 prime?
True
Is 3140297 a prime number?
True
Is 104108303 a composite number?
True
Is 2888527 composite?
False
Is 13663037 composite?
False
Is 281281933 prime?
False
Is 72051459 prime?
False
Is 11124053 a composite number?
False
Is 3193882 composite?
True
Is 81304906 a prime number?
False
Is 38873389 a prime number?
False
Is 77833433 composite?
False
Is 44831699 a composite number?
True
Is 997157281 a composite number?
False
Is 32339869 prime?
False
Is 79751401 a prime number?
False
Is 5880533 a prime number?
False
Is 607697 a prime number?
True
Is 64637459 a composite number?
False
Is 1361419717 a prime number?
False
Is 841259 a composite number?
False
Is 2603642 prime?
False
Is 44609767 a composite number?
False
Is 7332173 a composite number?
True
Is 7952869 a prime number?
True
Is 11580787 a prime number?
True
Is 54526289 a prime number?
True
Is 128866811 a composite number?
False
Is 4698619 composite?
True
Is 1712467 composite?
False
Is 85089107 composite?
False
Is 28599397 composite?
False
Is 27165499 composite?
True
Is 14805841 a prime number?
True
Is 146742845 prime?
False
Is 611105753 a composite number?
False
Is 15958039 a composite number?
True
Is 1037893 a composite number?
False
Is 39276826 a prime number?
False
Is 100602823 a composite number?
False
Is 81706589 a prime number?
True
Is 6730249 prime?
False
Is 1285667 a prime number?
False
Is 4674491 composite?
True
Is 53711 prime?
False
Is 47459 prime?
True
Is 10066247 a composite number?
False
Is 24652423 composite?
False
Is 13577383 a prime number?
False
Is 2104021901 prime?
True
Is 41031779 a prime number?
False
Is 190337333 a prime number?
True
Is 212839859 prime?
False
Is 63897487 a composite number?
True
Is 306500903 prime?
False
Is 17299621 a prime number?
True
Is 23310949 a prime number?
False
Is 61441 a composite number?
False
Is 12740867 prime?
True
Is 1622233 prime?
True
Is 4084667 a prime number?
True
Is 5749127 prime?
True
Is 1051879 composite?
False
Is 28161943 a composite number?
False
Is 44097 composite?
True
Is 86336083 composite?
False
Is 25677761 a composite number?
False
Is 32480093 prime?
False
Is 527489 prime?
True
Is 8371999 composite?
False
Is 11729071 a composite number?
False
Is 493472399 composite?
True
Is 4384219 a prime number?
False
Is 3471301 prime?
True
Is 84226193 composite?
True
Is 146977 prime?
True
Is 7091003 prime?
True
Is 1316969 a prime number?
False
Is 159768311 composite?
True
Is 14169599 a prime number?
True
Is 18861097 composite?
False
Is 11057561 prime?
False
Is 18347759 composite?
False
Is 139837 a composite number?
False
Is 200449 a prime number?
False
Is 94646867 a prime number?
False
Is 314639737 composite?
False
Is 119697029 composite?
False
Is 1376231 a composite number?
False
Is 7899811 a composite number?
False
Is 166860179 a composite number?
False
Is 177818623 a prime number?
False
Is 217111 prime?
True
Is 2427793 prime?
False
Is 2788159 a composite number?
True
Is 486559 a prime number?
True
Is 2384342 a prime number?
False
Is 40854917 a prime number?
False
Is 12413341 a composite number?
True
Is 5051 prime?
True
Is 2536933 prime?
False
Is 393287 prime?
True
Is 262187 composite?
False
Is 35880373 prime?
False
Is 4129687 a composite number?
True
Is 3259981 a composite number?
True
Is 2038493 prime?
True
Is 288967 prime?
False
Is 2202667589 prime?
True
Is 53275513 a composite number?
False
Is 349132379 a composite number?
False
Is 25624309 composite?
False
Is 131732257 composite?
True
Is 125451938 prime?
False
Is 2251666 prime?
False
Is 11379893 a prime number?
False
Is 605008541 composite?
False
Is 20298514 composite?
True
Is 1118807 prime?
True
Is 31339963 prime?
True
Is 1179611 a prime number?
False
Is 143110207 a prime number?
True
Is 15137777 a composite number?
True
Is 12156583 a composite number?
False
Is 17951393 prime?
False
Is 989231 a composite number?
False
Is 174708169 a composite number?
False
Is 2464673 a prime number?
False
Is 103896899 prime?
False
Is 408000273 prime?
False
Is 88627189 a composite number?
True
Is 608843041 prime?
True
Is 4414867 a prime number?
True
Is 244357213 a composite number?
True
Is 2622203 prime?
True
Is 4146053 prime?
True
Is 4637411 composite?
False
Is 340031 composite?
False
Is 30413909 prime?
True
Is 3400699 a composite number?
True
Is 60358949 a composite number?
True
Is 85478849 a composite number?
False
Is 626239 composite?
False
Is 372493 prime?
False
Is 83951509 composite?
False
Is 6900353 composite?
True
Is 612539 composite?
True
Is 358348357 a prime number?
True
Is 2644339 prime?
True
Is 33661091 prime?
True
Is 895448537 a prime number?
True
Is 5091989 prime?
False
Is 119498377 composite?
True
Is 385389461 a composite number?
False
Is 43853 a prime number?
True
Is 4589471 a composite number?
True
Is 33102913 prime?
True
Is 6993373 a composite number?
True
Is 91995073 a composite number?
True
Is 211395817 composite?
False
Is 257281379 prime?
True
Is 138894451 composite?
False
Is 178653499 composite?
False
Is 4220039 a composite number?
False
Is 1940173 composite?
False
Is 188107 a composite number?
False
Is 23573773 composite?
True
Is 3779813 a prime number?
True
Is 67404593 prime?
True
Is 24396583 a composite number?
True
Is 30134179 prime?
False
Is 30593501 composite?
False
Is 291143 a prime number?
True
Is 11689381 prime?
False
Is 4067879 composite?
True
Is 126683 prime?
True
Is 106823 composite?
False
Is 869339 composite?
False
Is 701039 a prime number?
False
Is 510541 a prime number?
False
Is 937303 prime?
False
Is 6542077 a prime number?
True
Is 479848961 prime?
False
Is 70702649 a composite number?
False
Is 47945201 composite?
False
Is 518035891 composite?
False
Is 47171881 a prime number?
True
Is 1353073 a composite number?
True
Is 3537763 composite?
False
Is 32976317 prime?
False
Is 79875157 a composite number?
False
Is 5022133 prime?
False
Is 173198 prime?
False
Is 15961261 a prime number?
True
Is 3734129 composite?
True
Is 672187 composite?
True
Is 149507717 a composite number?
False
Is 76590973 prime?
False
Is 27822917 prime?
True
Is 44267227 composite?
False
Is 4550723 a prime number?
False
Is 565331 a prime number?
False
Is 14329969 prime?
False
Is 162235289 composite?
False
Is 78707 composite?
False
Is 367449559 prime?
False
Is 956837 a composite number?
True
Is 127234301 a prime number?
False
Is 977231 a prime number?
False
Is 144225031 prime?
False
Is 25121303 composite?
False
Is 21646553 a composite number?
True
Is 5844851 a prime number?
True
Is 26242457 prime?
False
Is 15133029 a prime number?
False
Is 32237701 a prime number?
True
Is 1400021 a composite number?
True
Is 23200241 a composite number?
True
Is 243095201 prime?
False
Is 27341777 a prime number?
False
Is 23761961 a prime number?
True
Is 21039393 composite?
True
Is 35154893 composite?
False
Is 100541563 a prime number?
True
Is 123399349 a prime number?
False
Is 14086829 a composite number?
True
Is 2872977 a composite number?
True
Is 3130198 composite?
True
Is 18736681 a prime number?
True
Is 31233547 a composite number?
False
Is 23051491 prime?
False
Is 272404289 a composite number?
False
Is 16412897 a composite number?
False
Is 7072321 a composite number?
False
Is 126952057 composite?
False
Is 134603501 a prime number?
False
Is 2177107 a prime number?
False
Is 5741657 prime?
False
Is 16484957 a composite number?
False
Is 316189999 a composite number?
False
Is 48535159 prime?
True
Is 139335809 a composite number?
False
Is 34743391 composite?
False
Is 56453381 composite?
True
Is 48337979 a prime number?
True
Is 3438349 a prime number?
True
Is 847787 composite?
False
Is 138461 composite?
False
Is 5430071 prime?
True
Is 103419079 composite?
True
Is 126236885 a prime number?
False
Is 342469 a composite number?
False
Is 5130343 a prime